0
What is the ten thousands digit of 2421396740?
9
What is the units digit of 104390292?
2
What is the hundred thousands digit of 424822619?
8
What is the hundred thousands digit of 465201490?
2
What is the hundreds digit of 29597600?
6
What is the hundred thousands digit of 362774747?
7
What is the ten millions digit of 348187450?
4
What is the millions digit of 47142718?
7
What is the hundred millions digit of 974788290?
9
What is the ten thousands digit of 49762266?
6
What is the hundred millions digit of 3154082681?
1
What is the ten thousands digit of 1456002?
5
What is the millions digit of 5322968562?
2
What is the ten thousands digit of 1780977740?
7
What is the units digit of 106408391?
1
What is the ten millions digit of 77615301?
7
What is the hundred thousands digit of 69702790?
7
What is the ten thousands digit of 31901281?
0
What is the tens digit of 463938982?
8
What is the thousands digit of 1138738247?
8
What is the hundred thousands digit of 152455147?
4
What is the hundred thousands digit of 141870121?
8
What is the hundreds digit of 98854867?
8
What is the millions digit of 226533318?
6
What is the millions digit of 32544225?
2
What is the units digit of 23694272?
2
What is the units digit of 404473828?
8
What is the hundred thousands digit of 99944140?
9
What is the tens digit of 354992784?
8
What is the tens digit of 3800805787?
8
What is the thousands digit of 1804953178?
3
What is the millions digit of 33608585?
3
What is the thousands digit of 59243912?
3
What is the hundred millions digit of 393304777?
3
What is the millions digit of 43013565?
3
What is the millions digit of 190472405?
0
What is the ten thousands digit of 2928477671?
7
What is the tens digit of 58215918?
1
What is the ten thousands digit of 1634286?
3
What is the hundred thousands digit of 1329898189?
8
What is the ten millions digit of 960705400?
6
What is the ten millions digit of 1622941012?
2
What is the thousands digit of 362475540?
5
What is the hundred millions digit of 452649642?
4
What is the units digit of 73795620?
0
What is the hundreds digit of 1637551339?
3
What is the thousands digit of 88923362?
3
What is the thousands digit of 153257158?
7
What is the hundred millions digit of 719719330?
7
What is the units digit of 155127858?
8
What is the thousands digit of 345618706?
8
What is the thousands digit of 1766747809?
7
What is the units digit of 1595385240?
0
What is the thousands digit of 1649978020?
8
What is the tens digit of 39820407?
0
What is the units digit of 3161812556?
6
What is the thousands digit of 1091596593?
6
What is the ten thousands digit of 72835876?
3
What is the units digit of 1498271611?
1
What is the thousands digit of 148863779?
3
What is the tens digit of 13448296?
9
What is the ten millions digit of 601197726?
0
What is the billions digit of 1943473510?
1
What is the tens digit of 631944333?
3
What is the ten millions digit of 1943369049?
4
What is the thousands digit of 4989672512?
2
What is the ten millions digit of 85476980?
8
What is the billions digit of 2079326946?
2
What is the thousands digit of 693839332?
9
What is the ten millions digit of 34808598?
3
What is the hundred thousands digit of 184873768?
8
What is the tens digit of 18441120?
2
What is the millions digit of 308402689?
8
What is the hundreds digit of 319657688?
6
What is the thousands digit of 570747413?
7
What is the thousands digit of 1868734052?
4
What is the ten thousands digit of 149897057?
9
What is the ten thousands digit of 3669260?
6
What is the hundred millions digit of 316103092?
3
What is the hundreds digit of 264795549?
5
What is the millions digit of 4109625818?
9
What is the tens digit of 681197162?
6
What is the units digit of 23329480?
0
What is the hundred millions digit of 146405340?
1
What is the units digit of 34076931?
1
What is the hundred millions digit of 3258331625?
2
What is the tens digit of 1380141552?
5
What is the tens digit of 6050389768?
6
What is the hundred thousands digit of 203226133?
2
What is the hundred thousands digit of 477326465?
3
What is the ten millions digit of 238274669?
3
What is the hundred thousands digit of 3096213213?
2
What is the hundred thousands digit of 844104592?
1
What is the ten thousands digit of 61902917?
0
What is the hundred thousands digit of 1550255462?
2
What is the ten millions digit of 1526558605?
2
What is the units digit of 23154274?
4
What is the hundreds digit of 53542152?
1
What is the units digit of 27720630?
0
What is the ten thousands digit of 4812377628?
7
What is the ten thousands digit of 3157004?
5
What is the hundreds digit of 77205381?
3
What is the hundred thousands digit of 1219095320?
0
What is the units digit of 3835340468?
8
What is the ten millions digit of 45273287?
4
What is the hundred thousands digit of 106130508?
1
What is the hundred millions digit of 250960910?
2
What is the thousands digit of 69572680?
2
What is the hundred millions digit of 499379159?
4
What is the hundred thousands digit of 191446512?
4
What is the hundreds digit of 892636934?
9
What is the ten millions digit of 977677699?
7
What is the hundred thousands digit of 1241937386?
9
What is the units digit of 2102013918?
8
What is the thousands digit of 61831838?
1
What is the hundreds digit of 32490042?
0
What is the hundred thousands digit of 24763448?
7
What is the units digit of 21318386?
6
What is the ten millions digit of 1605723863?
0
What is the thousands digit of 71492677?
2
What is the hundred thousands digit of 2218818546?
8
What is the hundred thousands digit of 38258140?
2
What is the hundreds digit of 1461379577?
5
What is the thousands digit of 105244058?
4
What is the millions digit of 106240991?
6
What is the hundred millions digit of 4599474895?
5
What is the units digit of 73463499?
9
What is the billions digit of 1509939227?
1
What is the ten millions digit of 26542245?
2
What is the ten millions digit of 54045589?
5
What is the ten thousands digit of 25804112?
0
What is the tens digit of 64647430?
3
What is the units digit of 2682295461?
1
What is the ten millions digit of 6333822820?
3
What is the units digit of 60476196?
6
What is the millions digit of 1677051938?
7
What is the millions digit of 197390877?
7
What is the hundreds digit of 78300943?
9
What is the thousands digit of 5857322?
7
What is the thousands digit of 439347009?
7
What is the hundred millions digit of 1789839003?
7
What is the hundred thousands digit of 99963292?
9
What is the units digit of 2138524817?
7
What is the thousands digit of 1699410712?
0
What is the hundred thousands digit of 1143269575?
2
What is the hundreds digit of 7630364?
3
What is the hundred thousands digit of 625322479?
3
What is the units digit of 21607466?
6
What is the hundreds digit of 2221746402?
4
What is the thousands digit of 68096692?
6
What is the ten thousands digit of 2710835817?
3
What is the thousands digit of 1099510710?
0
What is the hundred thousands digit of 69503191?
5
What is the millions digit of 78631195?
8
What is the millions digit of 28375503?
8
What is the ten thousands digit of 535559954?
5
What is the thousands digit of 399071060?
1
What is the tens digit of 360947864?
6
What is the tens digit of 100418840?
4
What is the ten thousands digit of 43861256?
6
What is the hundred thousands digit of 3590409411?
4
What is the tens digit of 39802716?
1
What is the billions digit of 3185985673?
3
What is the thousands digit of 26172269?
2
What is the ten thousands digit of 1240479357?
7
What is the millions digit of 624257731?
4
What is the millions digit of 128863232?
8
What is the millions digit of 231577582?
1
What is the hundred millions digit of 3135054740?
1
What is the hundred millions digit of 236657047?
2
What is the hundred millions digit of 126241767?
1
What is the hundreds digit of 239855249?
2
What is the units digit of 63246322?
2
What is the ten thousands digit of 41895567?
9
What is the ten thousands digit of 3380064539?
6
What is the millions digit of 202620311?
2
What is the thousands digit of 8259098?
9
What is the units digit of 468531345?
5
What is the ten millions digit of 216378567?
1
What is the ten thousands digit of 18623806?
2
What is the thousands digit of 265306360?
6